uppose 2*i - i - 2*x = 280, 4*x = -3*i + 880. Suppose y - i - 213 = 0. Suppose y = -2*d + 5*d. Is d prime?
True
Suppose h = -3*r - 99, 2*h - 66 = 2*r - 2*h. Let g = r + 72. Is g a composite number?
True
Let s(c) = 126*c + 10. Suppose 7*y - 2*y + 3*k - 50 = 0, 5*y = -5*k + 60. Let u be s(y). Is 3/9 + u/6 prime?
True
Let r(x) = 20*x**2 + 3*x - 1. Let s be r(-3). Suppose 4*z = -z + s. Is z prime?
False
Suppose -3835 = -7*q + 2136. Is q prime?
True
Is 94*(-2 + 12) - 3 prime?
True
Suppose -6 = 4*k - 14. Let m be 3/((-43)/(-22) - k). Is (4 + m)/((-4)/2) a prime number?
True
Suppose 0 = -5*i - 9 - 41. Let h be (-4)/i - (-13)/5. Suppose 6 = h*g - g. Is g a composite number?
False
Suppose 25*v = 22*v + 387. Is v a composite number?
True
Let d(f) = -13*f**3 - f**2 - 2*f - 1. Is d(-1) a composite number?
False
Suppose 5*z = -5*n + 7 + 3, 5*z - 16 = -2*n. Let c(j) = -2*j - 2. Let a be c(n). Suppose -a*i + 14 = -m + 3*m, 2*m + 16 = 4*i. Is m composite?
False
Let a(k) = -2*k**2 - 2. Let n be a(3). Let t = n - -42. Is t a composite number?
True
Let y be 5/(50/664)*5. Suppose 0*o + y = 4*o. Is o a composite number?
False
Let b = -22 - 3. Let k = 76 + b. Is k prime?
False
Let w(q) = 306*q**2 - q + 2. Is w(1) a composite number?
False
Let i = 20 + -7. Suppose -2*a = p + i - 0, 0 = p - 4*a - 17. Is (-3 - -7) + p + 20 prime?
False
Suppose -2*f = -f + 10. Is f/5*19/(-2) a prime number?
True
Let g(d) = -7*d**3 + 5*d + 1. Let p be g(-2). Suppose 136 = m - 0*m. Let n = m + p. Is n composite?
True
Let h = -787 + 1114. Suppose -2*j + h + 221 = 0. Is j prime?
False
Suppose 2*x + 542 - 122 = 0. Let m = 9 - 5. Is 2/m + x/(-4) composite?
False
Suppose 2*j = 0, -2*j = -4*u + j + 9052. Is u a prime number?
False
Let f(l) = -24*l + 7. Is f(-5) prime?
True
Let p = -71 + 866. Let o = p - 406. Is o a composite number?
False
Suppose 0 = -3*z + 21 + 6. Suppose v + z = -2*f + 84, 3*f + v = 111. Let x = f + -22. Is x a composite number?
True
Suppose 5*q - 980 - 1060 = 0. Suppose 2*f + 5*p - 453 = 0, 0*f + 2*f - q = 4*p. Is f prime?
False
Let d(x) = -x**2. Let c(a) = -2*a**2 + 69. Let p(w) = c(w) - 3*d(w). Is p(0) composite?
True
Is (-993)/(-2)*70/21 prime?
False
Let m(l) = -l**3 + 4*l**2 + 6*l + 2. Let t(k) = 8*k**3 + k. Let j be t(1). Let p(d) = -d**3 + 10*d**2 - 7*d - 13. Let b be p(j). Is m(b) a prime number?
True
Is -1 + (-2)/(-4) - 2159/(-2) a prime number?
False
Let c be (-8)/28 - (-5814)/14. Suppose 0 = 6*z - z - c. Is z a composite number?
False
Let z(p) be the second derivative of 0*p**3 + 1/4*p**4 - 2*p**2 + 0 - 2*p. Is z(-3) composite?
False
Suppose -4*a + 3*v + 349 = 0, 56 = a - v - 30. Is a composite?
True
Suppose -3*q - q + 20 = 0. Let o(c) = -c**2 + 1 + 0*c + 7*c + 7 + q*c. Is o(11) a prime number?
True
Let o(r) = 144*r**3 - 6*r**2 - 17*r + 3. Let n(v) = 48*v**3 - 2*v**2 - 6*v + 1. Let j(x) = -17*n(x) + 6*o(x). Suppose 2*p - 11 = -9. Is j(p) a composite number?
False
Suppose 6*g - 13005 = 6213. Is g composite?
False
Let f be 1 + 2 - (-2 - -3). Suppose 0 = -f*p + 55 + 31. Suppose 12 = b + 3*b + 4*v, -5*b + p = -2*v. Is b composite?
False
Let k(t) = -5*t - 5. Let d(l) = 9*l + 11. Let z(o) = 2*d(o) + 5*k(o). Let v be z(11). Let m = v + 243. Is m a prime number?
True
Let s = -10 + 219. Is s composite?
True
Suppose 7332 = 4*t + 2*s, -3*t + 2*s - s + 5489 = 0. Is t composite?
False
Let g = 1494 + -215. Suppose -2*m - 2*p + 401 = -251, -p - g = -4*m. Is m composite?
True
Let c be (0/(-4))/(-1 - -3). Let y = 8 - 5. Suppose -4*o = -c*o - y*b - 68, 3*o - 62 = 5*b. Is o a prime number?
False
Let u(h) = h**3 - 11*h**2 + h + 3. Suppose p + 3*y = -y, -5*p = -4*y. Suppose 2*c + 3*b - 10 = p, 2*b + 2 - 5 = -c. Is u(c) composite?
True
Suppose 3*y - 5*m + 0*m = 1492, -3*y - 2*m = -1499. Is y a composite number?
False
Let w(c) = 4*c**2 + 2. Let y(f) = 2*f + 3. Let v be y(-3). Is w(v) a composite number?
True
Let j = -338 + 971. Is j a composite number?
True
Suppose -5*l = k - 5 - 28, -3*k = -3*l - 135. Is k prime?
True
Let u be (-3)/(-4)*12/3. Let a be 218/5 + (-6)/(-15). Suppose 11 = r - u*v, -4*r + 0*v = v - a. Is r composite?
False
Suppose 2*u - 10362 = -4*u. Is u composite?
True
Let f(w) = 193*w**3 - 2*w**2 + 3*w + 1. Is f(2) prime?
True
Let s = -6 + 10. Suppose -4*i + 24 = 3*d - 145, -4*i + s = 0. Is d composite?
True
Suppose 0 = -2*b + 21 - 5. Suppose -4*c - 4*o + 632 = 0, -4*o = -b + 20. Is c prime?
False
Let m = 79 - 8. Is m composite?
False
Let k = 445 - -873. Is k prime?
False
Let h be (-22 - -10)*2/(-6). Let n be (-4)/16 + 9/h. Suppose -5*m + 112 = n. Is m a composite number?
True
Let g(a) = 2*a**3 + 10*a**2 - 8*a + 8. Let t(v) = -v**2 - 7*v - 6. Let c be t(-4). Let m be g(c). Suppose -4*f - 220 = -m. Is f prime?
False
Let o = 31 - -150. Suppose 0 = -2*k - 9 + 297. Suppose 0 = 2*f - 3*s - o, -5*f - 4*s = -297 - k. Is f a composite number?
False
Suppose 3*k + 2*r = 1619, 6*k - k + 5*r - 2705 = 0. Is k composite?
True
Suppose 2 + 10 = 4*i. Suppose -74 = -i*b + 139. Is b composite?
False
Let q be (6 + 0)*4/(-8). Is (-4)/(-6) - 163/q a prime number?
False
Suppose -4*z + 5*y = -22, 4*z + y - 24 = 5*y. Let r be (12/(-2))/((-6)/z). Let n = r + 29. Is n composite?
False
Suppose 0 = -n - 39 + 565. Suppose 0 = 5*r - 7*r + n. Is r composite?
False
Suppose -7*q + 2*q = 5*x - 270, -3*q = -4*x - 190. Is q a prime number?
False
Let d(k) = 4*k**3 - k - 2. Let i(z) = -z - 1. Let x(h) = d(h) - i(h). Let m be x(1). Is (-2)/m*(-1542)/4 composite?
False
Let i(b) = b**3 - 4*b**2 + 3*b + 3. Let o be i(4). Suppose 0*j + o = 3*j. Suppose -j*x = -x - 76. Is x a composite number?
False
Let r = -186 + 337. Is r - -1 - (-2 - -5) a composite number?
False
Let g be (-2)/(-1 + -1)*2. Let t(w) = 21*w**2 - 4*w + 3. Is t(g) a prime number?
True
Suppose -2*f + 2 - 6 = -2*l, f = 2*l - 7. Suppose 3*o = -f, -u - 6*o = -2*o - 85. Is u a prime number?
True
Let c(r) = -r**3 - 6*r**2 - 4*r + 7. Let m be c(-5). Suppose 395 = 5*o + 5*d, -5*d - 11 + 169 = m*o. Is o composite?
False
Suppose -4*p - 1094 = 2*q, -q = 2*p + 3*q + 562. Let w = -194 - p. Is w prime?
False
Suppose 2*v + 3*n = 163, 5*v + 4*n = -0*n + 425. Is v composite?
False
Let c(x) be the first derivative of 12*x - 1 + 1/2*x**2. Is c(10) a composite number?
True
Let r = 4493 - 3032. Suppose 4*c - r = -385. Is c composite?
False
Let t = 1 - -1. Suppose 3*r + 751 = t*i, i - 3*r - 327 = 53. Is i prime?
False
Let d = 76 + -26. Let y(q) = q**2 + 3*q - 7. Let s be y(-5). Suppose 188 - d = s*u. Is u a prime number?
False
Let y be ((-40)/(-25))/((-4)/(-10)). Suppose 10 = -5*r - 2*o, -4*r - 8 = -y*o - o. Is -2 + 55 + 2 + r a composite number?
False
Let u(j) = 8*j**2 - 3 + 1 + 2*j**2. Let z be u(-4). Let f = z - 111. Is f composite?
False
Suppose -4*j + 386 = 102. Is j a prime number?
True
Suppose 3*v = -2*v - 4*d + 642, 3*v + 2*d = 386. Suppose 0 = 4*n + b - 185, 2*n = 5*b + v - 21. Is n prime?
True
Suppose -8*t + 4431 + 617 = 0. Is t a prime number?
True
Suppose 2*w = 1 + 3. Suppose -3*b - 9 = 0, -o + b + w = -2. Is o + 1 + (-1 - -160) composite?
True
Let f = 7 + -4. Is -6*f/(-6) - -155 a composite number?
True
Let l = 1 - -3. Suppose -4*z + 0 + l = h, 4*z - 4 = 5*h. Suppose h = 4*f - 0*f - 28. Is f a composite number?
False
Let v be (-16)/(-24) + 14/6. Let s(h) = -h**3 + 4*h**2 + 3*h + 1. Is s(v) a composite number?
False
Suppose 2 + 3 = n. Suppose 2*z - 115 = -y, 0 = -5*y - n*z - 0*z + 570. Is y a composite number?
False
Let j(f) = -36*f - 2. Let x be j(-2). Let z = x + 135. Is z prime?
False
Is (-2 + 5 - -1121)*(-3)/(-6) a composite number?
True
Let g = 29 - 44. Let c be 29 - 1/((-2)/(-2)). Let q = g + c. Is q composite?
False
Let i(t) = 6*t**2 - 6*t + 2. Is i(5) a composite number?
True
Let y be 3*2/12*-2. Suppose 5*u = 113 + 7. Let n = y + u. Is n composite?
False
Let h = 3 - 3. Let d(g) = -16*g - 1 + 4 + h. Is d(-3) a composite number?
True
Let y be -11 - 2/(2/(-3)). Let w(z) = z**2 + 6*z + 9. Is w(y) prime?
False
Let q(j) be the third derivative of 19*j**7/2520 + j**6/240 - j**5/40 - j**4/24 - j**2. Let z(w) be the second derivative of q(w). Is z(2) composite?
False
Let u = 207 - -244. Is u a composite number?
True
Let r = 9 - 4. Suppose 4*a + 12 = 2*y + y, -r*y = -5*a - 20. Suppose a*c = 4*c - 24. Is c a prime number?
False
Let j(w) = -4*w**3 + w**2 - w 